{"id":231,"date":"2016-03-01T10:07:19","date_gmt":"2016-03-01T10:07:19","guid":{"rendered":"http:\/\/www.holmesburger.com\/?page_id=231"},"modified":"2025-11-06T12:09:03","modified_gmt":"2025-11-06T12:09:03","slug":"menu","status":"publish","type":"page","link":"http:\/\/www.holmesburger.com\/index.php\/menu\/","title":{"rendered":"\u00dcr\u00fcnlerimiz"},"content":{"rendered":"<div class=\"wpb-content-wrapper\"><p>[vc_row parallax=&#8221;content-moving-fade&#8221; parallax_image=&#8221;625&#8243; ova_bg_pattern=&#8221;rgba(17,17,17,0.45)&#8221; css=&#8221;.vc_custom_1761831979242{margin-top: 15px !important;}&#8221;][vc_column css=&#8221;.vc_custom_1456823457670{padding-top: 220px !important;padding-bottom: 80px !important;background-position: center !important;background-repeat: no-repeat !important;background-size: cover !important;}&#8221; offset=&#8221;vc_col-lg-offset-1 vc_col-lg-10 vc_col-md-offset-1 vc_col-md-10&#8243;]<div class=\"text-center hero-text white\"><h2 class=\"section-title  wow bounceIn white\">\u00dcr\u00fcnlerimiz<\/h2><\/div>[\/vc_column][\/vc_row][vc_row][vc_column][vc_zigzag][\/vc_column][\/vc_row][vc_row][vc_column width=&#8221;1\/2&#8243;][vc_single_image image=&#8221;670&#8243; img_size=&#8221;full&#8221; css=&#8221;&#8221;][vc_column_text css=&#8221;&#8221;]<\/p>\n<h3 style=\"text-align: center;\">Pur Pura Burger<\/h3>\n<p>[\/vc_column_text][vc_separator css=&#8221;&#8221;][vc_column_text css=&#8221;&#8221;]100gr Cajun Chicken Burger; mor lahana, k\u0131v\u0131rc\u0131k, marul ve Pur Pura sosun muhte\u015fem lezzetiyle bulu\u015fmas\u0131&#8230;.[\/vc_column_text][\/vc_column][vc_column width=&#8221;1\/2&#8243;][vc_single_image image=&#8221;676&#8243; img_size=&#8221;full&#8221; css=&#8221;&#8221;][vc_column_text css=&#8221;&#8221;]<\/p>\n<h3 style=\"text-align: center;\">Mexico Hot Chili Burger<\/h3>\n<p>[\/vc_column_text][vc_separator css=&#8221;&#8221;][vc_column_text css=&#8221;&#8221;]100gr Meksika Ac\u0131 Soslu Jalepono Biberli Cajun Chicken Burger ile efsane lezzet&#8230;[\/vc_column_text][\/vc_column][\/vc_row][vc_row][vc_column][vc_zigzag][\/vc_column][\/vc_row][vc_row][vc_column width=&#8221;1\/2&#8243;][vc_single_image image=&#8221;669&#8243; img_size=&#8221;full&#8221; css=&#8221;&#8221;][vc_column_text css=&#8221;&#8221;]<\/p>\n<h3 style=\"text-align: center;\">Cheddar Bomm<\/h3>\n<p>[\/vc_column_text][vc_separator css=&#8221;&#8221;][vc_column_text css=&#8221;&#8221;]100gr Cajun Chicken Burger Cheddar Sos ve Marul ile efsane lezzet&#8230;[\/vc_column_text][\/vc_column][vc_column width=&#8221;1\/2&#8243;][vc_single_image image=&#8221;674&#8243; img_size=&#8221;full&#8221; css=&#8221;&#8221;][vc_column_text css=&#8221;&#8221;]<\/p>\n<h3 style=\"text-align: center;\">Sweet Chili Burger<\/h3>\n<p>[\/vc_column_text][vc_separator css=&#8221;&#8221;][vc_column_text css=&#8221;&#8221;]100gr Sweet Chili Soslu Cajun \u00c7\u0131t\u0131r Tavuk Burger ve Marul..[\/vc_column_text][\/vc_column][\/vc_row][vc_row][vc_column][vc_zigzag][\/vc_column][\/vc_row][vc_row][vc_column width=&#8221;1\/2&#8243;][vc_single_image image=&#8221;673&#8243; img_size=&#8221;full&#8221; css=&#8221;&#8221;][vc_column_text css=&#8221;&#8221;]<\/p>\n<h3 style=\"text-align: center;\">Pesto Gravyer Burger<\/h3>\n<p>[\/vc_column_text][vc_separator css=&#8221;&#8221;][vc_column_text css=&#8221;&#8221;]100gr Cajun Chicken Burger; Pesto Sos ve Gravyer ile bulu\u015fmas\u0131.[\/vc_column_text][\/vc_column][vc_column width=&#8221;1\/2&#8243;][vc_single_image image=&#8221;671&#8243; img_size=&#8221;full&#8221; css=&#8221;&#8221;][vc_column_text css=&#8221;&#8221;]<\/p>\n<h3 style=\"text-align: center;\">Truffle Mantar Burger<\/h3>\n<p>[\/vc_column_text][vc_separator css=&#8221;&#8221;][vc_column_text css=&#8221;&#8221;]100gr Sweet Truffle Soslu Cajun \u00c7\u0131t\u0131r Tavuk Burger ile Mantar lezzet dans\u0131&#8230;[\/vc_column_text][\/vc_column][\/vc_row][vc_row][vc_column][vc_zigzag][\/vc_column][\/vc_row][vc_row][vc_column width=&#8221;1\/2&#8243;][vc_single_image image=&#8221;672&#8243; img_size=&#8221;full&#8221; css=&#8221;&#8221;][vc_column_text css=&#8221;&#8221;]<\/p>\n<h3 style=\"text-align: center;\">Ranch Burger<\/h3>\n<p>[\/vc_column_text][vc_separator css=&#8221;&#8221;][vc_column_text css=&#8221;&#8221;]100gr\u00a0 Ranch Soslu Cajun Chicken Burger ve Marul&#8230;[\/vc_column_text][\/vc_column][vc_column width=&#8221;1\/2&#8243;][vc_single_image image=&#8221;668&#8243; img_size=&#8221;full&#8221; css=&#8221;&#8221;][vc_column_text css=&#8221;&#8221;]<\/p>\n<h3 style=\"text-align: center;\">Cheddar Parmesan Burger<\/h3>\n<p>[\/vc_column_text][vc_separator css=&#8221;&#8221;][vc_column_text css=&#8221;&#8221;]100gr Cheddar Soslu Cajun \u00c7\u0131t\u0131r Tavuk Burger ile Marul&#8230;[\/vc_column_text][\/vc_column][\/vc_row][vc_row][vc_column][vc_empty_space][\/vc_column][\/vc_row][vc_row][vc_column][vc_column_text css=&#8221;&#8221;]<\/p>\n<h1 style=\"text-align: center;\">D\u0130\u011eER \u00dcR\u00dcNLER\u0130M\u0130Z<\/h1>\n<p>[\/vc_column_text][\/vc_column][\/vc_row][vc_row][vc_column][vc_zigzag][\/vc_column][\/vc_row][vc_row][vc_column width=&#8221;1\/3&#8243;][vc_single_image image=&#8221;633&#8243; img_size=&#8221;full&#8221; css=&#8221;&#8221;][vc_column_text css=&#8221;&#8221;]<\/p>\n<h3 style=\"text-align: center;\">Holmes D\u00fcr\u00fcmler<\/h3>\n<p>[\/vc_column_text][vc_separator css=&#8221;&#8221;][vc_column_text css=&#8221;&#8221;]Cheddar, BBQ Smoke, Sweet Rush, Mexico Hot Chili sos \u00e7e\u015fitleri ile efsane Holmes D\u00fcr\u00fcm lezzetleri yan\u0131nda patates k\u0131zartmas\u0131, sos ve so\u011fan halkas\u0131 ile tam doyurucu bir men\u00fc sizi bekliyor.[\/vc_column_text][\/vc_column][vc_column width=&#8221;1\/3&#8243;][vc_single_image image=&#8221;672&#8243; img_size=&#8221;full&#8221; css=&#8221;&#8221;][vc_column_text css=&#8221;&#8221;]<\/p>\n<h3 style=\"text-align: center;\">BURGER MEN\u00dcLER\u0130M\u0130Z<\/h3>\n<p>[\/vc_column_text][vc_separator css=&#8221;&#8221;][vc_column_text css=&#8221;&#8221;]T\u00fcm Holmes Burger \u00e7e\u015fitlerinin tekli ve duble men\u00fcleri bulunmaktad\u0131r.<\/p>\n<p>Men\u00fclerimizde Cajun Baharatl\u0131 Patates K\u0131zartmas\u0131, Holmes Yap\u0131m So\u011fan Halkas\u0131 ve Soslar bulunmaktad\u0131r. Baz\u0131 men\u00fclerimize \u00f6zel olaraka Ek \u00c7\u0131t\u0131r Tavuk ve\/veya \u0130\u00e7ecek olabilmektedir.[\/vc_column_text][\/vc_column][vc_column width=&#8221;1\/3&#8243;][vc_single_image image=&#8221;633&#8243; img_size=&#8221;full&#8221; css=&#8221;&#8221;][vc_column_text css=&#8221;&#8221;]<\/p>\n<h3 style=\"text-align: center;\">Holmes \u00c7\u0131t\u0131r Men\u00fcler<\/h3>\n<p>[\/vc_column_text][vc_separator css=&#8221;&#8221;][vc_column_text css=&#8221;&#8221;]Birbirinden lezzetli ve \u00e7e\u015fitli Holmes \u00c7\u0131t\u0131r Men\u00fc \u00e7e\u015fitleri seni bekliyor. \u0130ster Kova Men\u00fclerden birini ister Kanat ve But Men\u00fc istersen Combo Men\u00fc.. Sen Hangisini Se\u00e7eceksin?[\/vc_column_text][\/vc_column][\/vc_row]<\/p>\n<\/div>","protected":false},"excerpt":{"rendered":"<p>[vc_row parallax=&#8221;content-moving-fade&#8221; parallax_image=&#8221;625&#8243; ova_bg_pattern=&#8221;rgba(17,17,17,0.45)&#8221; css=&#8221;.vc_custom_1761831979242{margin-top: 15px !important;}&#8221;][vc_column css=&#8221;.vc_custom_1456823457670{padding-top: 220px !important;padding-bottom: 80px !important;background-position: center !important;background-repeat: no-repeat !important;background-size: cover !important;}&#8221; offset=&#8221;vc_col-lg-offset-1 vc_col-lg-10 vc_col-md-offset-1 vc_col-md-10&#8243;][\/vc_column][\/vc_row][vc_row][vc_column][vc_zigzag][\/vc_column][\/vc_row][vc_row][vc_column width=&#8221;1\/2&#8243;][vc_single_image image=&#8221;670&#8243; img_size=&#8221;full&#8221; css=&#8221;&#8221;][vc_column_text css=&#8221;&#8221;] Pur Pura Burger [\/vc_column_text][vc_separator css=&#8221;&#8221;][vc_column_text css=&#8221;&#8221;]100gr Cajun Chicken Burger; mor lahana, k\u0131v\u0131rc\u0131k, marul ve Pur Pura sosun muhte\u015fem lezzetiyle bulu\u015fmas\u0131&#8230;.[\/vc_column_text][\/vc_column][vc_column width=&#8221;1\/2&#8243;][vc_single_image image=&#8221;676&#8243; img_size=&#8221;full&#8221; css=&#8221;&#8221;][vc_column_text css=&#8221;&#8221;] Mexico Hot Chili [&hellip;]<\/p>\n","protected":false},"author":1,"featured_media":0,"parent":0,"menu_order":0,"comment_status":"closed","ping_status":"closed","template":"templates\/visualcomposer_template.php","meta":{"_monsterinsights_skip_tracking":false,"_monsterinsights_sitenote_active":false,"_monsterinsights_sitenote_note":"","_monsterinsights_sitenote_category":0,"footnotes":""},"class_list":["post-231","page","type-page","status-publish","hentry"],"aioseo_notices":[],"_links":{"self":[{"href":"http:\/\/www.holmesburger.com\/index.php\/wp-json\/wp\/v2\/pages\/231","targetHints":{"allow":["GET"]}}],"collection":[{"href":"http:\/\/www.holmesburger.com\/index.php\/wp-json\/wp\/v2\/pages"}],"about":[{"href":"http:\/\/www.holmesburger.com\/index.php\/wp-json\/wp\/v2\/types\/page"}],"author":[{"embeddable":true,"href":"http:\/\/www.holmesburger.com\/index.php\/wp-json\/wp\/v2\/users\/1"}],"replies":[{"embeddable":true,"href":"http:\/\/www.holmesburger.com\/index.php\/wp-json\/wp\/v2\/comments?post=231"}],"version-history":[{"count":25,"href":"http:\/\/www.holmesburger.com\/index.php\/wp-json\/wp\/v2\/pages\/231\/revisions"}],"predecessor-version":[{"id":719,"href":"http:\/\/www.holmesburger.com\/index.php\/wp-json\/wp\/v2\/pages\/231\/revisions\/719"}],"wp:attachment":[{"href":"http:\/\/www.holmesburger.com\/index.php\/wp-json\/wp\/v2\/media?parent=231"}],"curies":[{"name":"wp","href":"https:\/\/api.w.org\/{rel}","templated":true}]}}